*p - 1. Give b(-6).
-25
Let d(h) be the second derivative of h**5/20 - h**4/2 - 7*h**3/6 + 5*h**2/2 + 1310*h. Calculate d(8).
77
Let h(v) = -33*v - 666. Let o be h(-19). Let n = 87 - 134. Let y = o - n. Let q(d) = -2*d + 4. Calculate q(y).
-12
Let l = 18071 + -18057. Let n(k) = -k + 13. Calculate n(l).
-1
Let a = -6906 + 6897. Let k(h) = -3*h + 1. Let i(y) = -7*y + 3. Let s(p) = 2*i(p) - 5*k(p). Determine s(a).
-8
Let o(p) be the second derivative of -1/12*p**4 + 0 + 1/6*p**3 + 102*p - 3/2*p**2. Calculate o(0).
-3
Suppose -3*k + 20 = 2*k, -4*t = -5*k + 4. Let d(m) be the third derivative of -1/4*m**4 + 0 + 12*m - 6*m**2 + 1/60*m**5 - 1/2*m**3. Give d(t).
-11
Let x(n) be the first derivative of 21*n**2/2 + 132*n + 1237. Calculate x(-6).
6
Let a(b) = 6 - b + 3*b - 1. Suppose 868*o + 4560 = -44*o. Determine a(o).
-5
Let d(t) = 76 + t**2 + 0*t - 7*t - 70. Let c = 6298 + -6293. Determine d(c).
-4
Let v = -12756 + 12777. Let u(s) = 4*s - 41. What is u(v)?
43
Let g(u) be the second derivative of -u**4/12 - u**3 - 5*u**2/2 + 16*u. Let x be g(-3). Let q(h) = 0*h**3 + 11 - 16 - h**3 - 3*h + 5*h**2. Give q(x).
-1
Let i be (-60)/(-15)*(-1)/2. Let l be (12/16)/(i/(-8)). Let t(u) = -u**l + 71*u + 5*u**2 + 5*u**2 - 81*u + 10. Give t(9).
1
Suppose 5*w - 190 = -5*w. Suppose 10*j = 21 + w. Let d(s) = s**3 - 6*s**2 + 6*s - 2. Calculate d(j).
-10
Suppose -25 = 2*b + 5*n, -4*b + 4*n - 62 - 2 = 0. Let c(x) = x + 16. Determine c(b).
1
Let j(w) = 3*w + 43 - 2*w - 46. Let v be ((-3)/6)/(1/8). Determine j(v).
-7
Let b(m) = m + 4. Let s(v) = v**2 + 5*v - 2. Let i(l) = l**2 + 7*l + 8. Let r be i(-4). Let o be s(r). Let k(t) = -2*t - 16. Let p be k(o). What is b(p)?
0
Let c be -22 - (1 + -52 + 25). Let j(r) = -2*r**2 - 4*r - 15. Calculate j(c).
-63
Let w(t) = 19*t - 5. Let b(u) = -5*u + 4. Let x(z) = -9*b(z) - 2*w(z). What is x(8)?
30
Let s(h) be the second derivative of -2*h**3/3 - h**2/2 + 2*h. Let w(i) = -17*i + 81. Let g be w(-13). Let u = 299 - g. Give s(u).
11
Let f(n) be the second derivative of -n**2 + 69*n + 1/6*n**3 - 1/20*n**5 - 1/12*n**4 + 0. What is f(0)?
-2
Suppose -i - 6 = -11. Suppose -i*a + 27 = -4*j, 8*a + 2*j = 3*a + 9. Let s(k) = -213*k**2 + 7*k - k**3 - 4*k + 216*k**2 - 2. Calculate s(a).
7
Suppose -4*p = -3*u + 136, -p = -2*u + 4*u - 98. Let h = u + -41. Let w(a) = -7 - 380*a + 0 + 381*a - 1. Calculate w(h).
-1
Let w be (-605)/(-847)*1/(2/14). Let d(i) = -3*i**2 + 9*i - 4. Give d(w).
-34
Suppose 4*y - 68 = -2*r, 0 = y - 3*r - 14 - 3. Let n(s) = s**3 - 15*s**2 - 35*s + 22. Give n(y).
5
Let h be (160/(-44))/(-5)*11. Let f(i) = i**2 - 4*i - 17. Determine f(h).
15
Let u(q) = 8*q + 6. Suppose -83 = 3*a - 110. Give u(a).
78
Let z = -40988 - -40999. Let g(d) = 7*d - 3 - d**2 + 6 + 3*d. Calculate g(z).
-8
Suppose -47*z + 56*z = 90. Suppose -l = -4*f + 5, 12*f + l = z*f + 7. Let n(s) = 4*s**2 - s - 3*s**2 + s**2. Determine n(f).
6
Let f(x) = x**3 - 8*x**2 + 9*x - 10. Let h(k) be the third derivative of -k**4/6 - 11*k**3/2 + 28*k**2. Let i be h(-10). Determine f(i).
4
Let w(j) = j**3 + 6*j**2 - 15*j - 88. Let g be w(-6). Let a(c) be the third derivative of -1/6*c**3 - 8*c**g + 1/60*c**5 + 0*c - 1/24*c**4 + 0. Determine a(-1).
1
Let m(x) be the third derivative of x**5/60 + x**4/8 - x**3/3 + 1413*x**2. Let w(c) = 4*c - 1. Let g be w(-1). Determine m(g).
8
Let m(y) = -5*y**2 + y. Let w(r) = r**2. Let n(z) = m(z) - 3*w(z). Let x(u) = 11*u + 20. Let d be x(-2). Calculate n(d).
-34
Let b(r) = 7*r - 11. Let o(f) = 4*f - 6. Let l(v) = 5*b(v) - 9*o(v). Determine l(2).
-3
Let c(p) = 14*p + 171 + 418 + 68 + 13*p + 16. Determine c(-25).
-2
Let z(p) = 3*p + 1. Let b = 6 + 45. Let g = -51 + b. Suppose 4*o + 3*o - 14 = g. Determine z(o).
7
Let v = 5595 + -5609. Let y(k) = 2*k**3 + 27*k**2 - 14*k + 1. Calculate y(v).
1
Let h(r) = 2*r**3 + 18*r**2 - 17*r + 32. Let z be h(-10). Let s(x) = -6*x**2 + 9*x + 7*x**2 - 2*x**2 + 3*x**z - 7*x. Give s(-2).
4
Let f(y) = 2*y**3 + 11*y**2 - 23*y - 6. Let d be ((-14)/4)/((-351)/(-18) - 19). Give f(d).
8
Let s be ((-90)/54)/((-2)/6). Suppose -s*g = 182 + 28. Let p = -41 - g. Let i(v) = -15*v**2 + 2*v - 1. Give i(p).
-14
Let v(g) = -g**3 + 5*g**2 - 4*g + 15. Let w = -10977 + 10980. What is v(w)?
21
Let o be 92/28 - 6/21. Let z(l) = -l. Let c be z(o). Let r be (c/(-6))/(39/12 - 3). Let h(y) = -5*y + 3. Determine h(r).
-7
Let s be (-5 - -7)/((-2)/(-15)). Suppose -15*r = -0*r - s. Let f(h) = -8*h + 1. Calculate f(r).
-7
Suppose -1 = 4*m - 9. Let j(v) be the first derivative of 2*v**2 + 4*v - 8*v + 6 + m*v. Give j(3).
10
Let u be ((0/(-1))/(-2))/(-1). Let z(s) = s**3 + s**2 - 3*s - 1. Let d(t) = t**3 + t**2 - t - 1. Let l(h) = -2*d(h) + z(h). What is l(u)?
1
Let a(w) = -12*w - 100. Let m(l) = -3*l**2 + 30*l - 72. Let v be m(7). Calculate a(v).
8
Let b(c) = 13*c**3 + 15*c**2 - 55*c - 33. Let g(k) = -7*k**3 - 9*k**2 + 29*k + 17. Let s(w) = -6*b(w) - 11*g(w). Determine s(10).
21
Let h(c) be the first derivative of c**3/3 - 3*c**2/2 + 3*c + 86. Calculate h(1).
1
Let w = -7510 + 7506. Let p(d) = d**3 + 7*d**2 + 5*d + 7. Determine p(w).
35
Suppose 3*m + 6 = 0, 9*m + 19 = 3*c + 7*m. Suppose 0 = -2*r + 4*r - c*l + 9, 0 = -2*r - 2*l + 12. Let a(z) = z**2 - z - 4. Give a(r).
2
Let t be 6 + (-62)/10 + (0 - (-255)/25). Let v(o) = o**3 - 11*o**2 + 4*o + 53. Give v(t).
-7
Let o(c) = 5*c**2 - 7*c - 17. Let j be (-26)/39 - 29/(-3). Let a(f) = f**2 - 2*f - 4. Let m(s) = j*a(s) - 2*o(s). Calculate m(-3).
1
Let u(f) = -37*f + 294. Let p(r) = 53*r - 439. Let t(s) = 5*p(s) + 7*u(s). What is t(20)?
-17
Suppose 1075*v + 1076*v - 72 = 2145*v. Let y(q) be the second derivative of v*q + 0*q**2 + 0 + 0*q**3 - 7/6*q**4. Determine y(1).
-14
Let i(c) = -c**2 + 4*c + 1. Let g(m) = -6*m**2 + 2*m + 18. Let b(o) = g(o) - 5*i(o). What is b(-18)?
13
Let r(m) = -m**3 + 6*m**2 + 8*m + 10. Let j(n) = -6*n**2 - 87*n - 13. Let i be j(-13). Let o be (1/(-2))/(-1 - i/(-112)). Calculate r(o).
17
Let a(u) = 3 - 3*u**3 - 10*u**2 + 62 + 10*u - 4*u - 74. What is a(-4)?
-1
Let d(b) = -15*b - 95. Suppose -203*m + 199*m = -3*n - 38, -5*m - 5 = 5*n. Calculate d(n).
-5
Suppose -4 = g - 6. Let s be (-32)/48*(-6)/4. Let l(h) = 10*h - 2 - s + 0*h**2 - h**g - h. What is l(8)?
5
Let b(u) = -16*u - 10. Let f be b(-3). Let s = f - 36. Let r(i) = -5*i - 3 - 31*i**s + 32*i**2 + 4*i + 2*i. Calculate r(3).
9
Let i(o) = -o**2 + o + 2. Let m(f) = -2*f**2 - 13. Let q(s) = -3*i(s) + m(s). Determine q(6).
-1
Suppose 2*o - 45 = -7*o. Let a(m) = 0 - o*m - 2 + 6 + m - m**2. Suppose -5*x + f - 11 = 0, 0 = -2*f + 3*f + 4. Give a(x).
7
Let t(h) = h**2 + 1 - h - h + 0*h**2. Suppose 0 = m - 3*k - 43 + 58, 4*k - 1 = -5*m. Let f(c) = -2*c + 1. Let y(d) = m*f(d) + 2*t(d). What is y(1)?
3
Let y(g) = -2*g**2 + 7*g + 73. Let a be y(6). Let j(t) = t**2 - 39*t - 138. Calculate j(a).
34
Let d(g) = 3 + g - 2*g**3 - 7 + 3*g**3 - 6*g**2. Suppose 4*t - 2148 = -5*w - 621, 4*w = -5*t + 1902. Suppose -107*x + t = -44*x. Give d(x).
2
Let m(f) be the first derivative of -f**2/2 - 13*f + 25. Let r be (1 - 0) + (-6 + 2)/1. Let p be (r - (-4)/(16/12))/3. Determine m(p).
-13
Let s(w) be the third derivative of -15*w**2 + 0 + 0*w + 1/15*w**5 - 17/6*w**3 - 1/6*w**4. Let i(m) be the first derivative of s(m). What is i(3)?
20
Let s(f) = 37 - 10*f + 38 - 109 + 33. Let w = 118 + -81. Let h = -39 + w. What is s(h)?
19
Suppose 6*w - 96 = -396. Let x = w + 53. Let r(h) = 6*h - x*h + 17 - 18. What is r(-3)?
-10
Let m(z) be the third derivative of z**5/60 - 3*z**4/8 + 5*z**3/6 + z**2. Let f be ((-192)/168)/(2 + 0) - (-737)/77. Give m(f).
5
Let u(x) = 23*x - 276. Let r be (-12)/9*(-120)/(-32) + 18. Give u(r).
23
Let a(o) be the second derivative of 2*o**3/3 + 10*o**2 - 66*o - 7. Calculate a(-7).
-8
Let b(z) = -8 + 4*z + 0*z - 3*z. Let f(w) = -4*w**2 + 45*w - 5. Let g be 474/42 + (-6)/21. Let l be f(g). Determine b(l).
-2
Let c = 222 + -216. Let d(v) = 110*v + 170. Let i(n) = 4*n + 6. Let x(g) = c*d(g) - 170*i(g). Determine x(-1).
20
Let x(d) = -7 + 6*d**2 - 8*d**3 - 13*d + 8*d - 7 + 3 + 7*d**3. What is x(3)?
1
Let c be -9 - -12*(-21)/(-126). Let i(p) = 2*p**2 - p - 24. Give i(c).
81
Let r(c) = -c**2 - 9*c + 2. Let m(g) = 3*g**3 - 3*g**2 - 17*g - 2. Let l be m(7). Let b = 755 - l. What is r(b)?
20
Let o(d) = -5*d - 21. Let p = -6587 + 6587. Calculate